22 + -1101?
-2002020000
In base 6, what is 10402 + -43?
10315
In base 8, what is -11 + -343?
-354
In base 9, what is -40 - 1281?
-1331
In base 15, what is b3b - 2?
b39
In base 8, what is -2622 - -52?
-2550
In base 15, what is 3c1 + 7c9?
b9a
In base 6, what is 21 - 5552?
-5531
In base 10, what is -54 + -137183?
-137237
In base 15, what is 14 + 71db?
7200
In base 13, what is 3 - -7210?
7213
In base 15, what is 4d910 - 1?
4d90e
In base 16, what is 2 - -4081a?
4081c
In base 8, what is -102733 - 0?
-102733
In base 6, what is 401531 + 101?
402032
In base 13, what is -6 - 80c0c?
-80c15
In base 5, what is -11141303 - -3?
-11141300
In base 7, what is -1313000 - 4?
-1313004
In base 10, what is -3451 - -128?
-3323
In base 9, what is 570 + 6480?
7160
In base 9, what is -3853 - 11?
-3864
In base 4, what is -2210 + 11113?
2303
In base 3, what is -1011 - 1111121?
-1112202
In base 13, what is 7856a - 2c?
7853b
In base 8, what is 54 - 657?
-603
In base 13, what is a1523 - -1?
a1524
In base 10, what is 391080 + 7?
391087
In base 16, what is -20578 - 3?
-2057b
In base 7, what is -4 + 1263415?
1263411
In base 12, what is 3332 + 356?
3688
In base 16, what is -18df + 5f?
-1880
In base 7, what is 1064515 + 4?
1064522
In base 15, what is 5e8 - 2?
5e6
In base 11, what is 425 + 8a7?
1221
In base 5, what is -4 + -202334?
-202343
In base 5, what is 423010 + 10?
423020
In base 6, what is 132131 - 1?
132130
In base 6, what is -102 - -3223?
3121
In base 9, what is 254357 + -3?
254354
In base 16, what is -78bd5 - -2?
-78bd3
In base 15, what is -4adb + a?
-4ad1
In base 4, what is 1 - -30223202?
30223203
In base 14, what is -7 + 438c6?
438bd
In base 6, what is 133 + 22233?
22410
In base 6, what is 1132 + 11?
1143
In base 16, what is -2b1c9 + 0?
-2b1c9
In base 8, what is -242 + 61?
-161
In base 13, what is -5480b + 5?
-54806
In base 14, what is -4073 + 19?
-4058
In base 5, what is 331 + -3221?
-2340
In base 2, what is -1000100 + 101011001?
100010101
In base 9, what is 1 - -108021?
108022
In base 14, what is 13321 + 4?
13325
In base 6, what is -122 - -1410?
1244
In base 8, what is -5453 + -243?
-5716
In base 12, what is -2926 - 212?
-2b38
In base 14, what is -23 - -2167?
2144
In base 8, what is -1171 - -122?
-1047
In base 9, what is -32683 + 0?
-32683
In base 11, what is -11 + -350a?
-3520
In base 15, what is -5 - 94d9?
-94de
In base 2, what is -11010011000111 + 10?
-11010011000101
In base 3, what is -222202211 - 2201?
-222212112
In base 15, what is 4ead3 - 3?
4ead0
In base 13, what is 2 + 14c27?
14c29
In base 11, what is 0 - 2a222?
-2a222
In base 10, what is 25 + -883?
-858
In base 11, what is -14 - 705?
-719
In base 6, what is 2521 - 134?
2343
In base 8, what is 24176 - 37?
24137
In base 8, what is 1365302 + 4?
1365306
In base 3, what is -1121 + 12201?
11010
In base 13, what is -5159 + -21?
-517a
In base 2, what is 1001010110111110 + 1?
1001010110111111
In base 9, what is -271 - -1002?
621
In base 14, what is -9316 - -c?
-9308
In base 11, what is -133a4 - -a?
-13395
In base 11, what is 0 - -63a52?
63a52
In base 9, what is -2821 - -1?
-2820
In base 16, what is -21 + -19bf?
-19e0
In base 15, what is -2 + -6793?
-6795
In base 9, what is 1 - 525?
-524
In base 10, what is -108 + -122?
-230
In base 4, what is 323011 + -120?
322231
In base 8, what is -615417 + 4?
-615413
In base 9, what is 6686 - 30?
6656
In base 4, what is 23331000 - -10?
23331010
In base 9, what is 2 + -545184?
-545182
In base 7, what is 253533 + -5?
253525
In base 6, what is 20 + -43030?
-43010
In base 15, what is 6c1875 - 2?
6c1873
In base 9, what is -7 - -40315?
40307
In base 2, what is -11011110000 + 1011?
-11011100101
In base 13, what is 2 - b60?
-b5b
In base 15, what is 2 - abe0?
-abdd
In base 6, what is 32 + 13550?
14022
In base 4, what is -2011210 + 2210?
-2003000
In base 15, what is -a02 - a2?
-aa4
In base 10, what is -1394 + -156?
-1550
In base 4, what is -1233311 - 3?
-1233320
In base 6, what is -3201 - 1144?
-4345
In base 9, what is 3783132 - 0?
3783132
In base 5, what is 110321 + -2304?
103012
In base 2, what is -100010100100 + -1100001010?
-101110101110
In base 7, what is -4 - 21524?
-21531
In base 15, what is -64e7 - -4?
-64e3
In base 15, what is -99 - 153?
-1ec
In base 4, what is -22313210 - -3?
-22313201
In base 13, what is 31 + -a8?
-77
In base 16, what is 5 - 199f58?
-199f53
In base 2, what is 11 + 1100001100?
1100001111
In base 13, what is 295ac + -2?
295aa
In base 7, what is -145 - 13344?
-13522
In base 13, what is 49725c + 2?
497261
In base 10, what is 17136 - -20?
17156
In base 3, what is -20 + -2221022011?
-2221022101
In base 12, what is 8480a4 + -5?
84809b
In base 9, what is -11 + 421776?
421765
In base 4, what is -10 + 12030310?
12030300
In base 10, what is 1 + 5621?
5622
In base 9, what is 565 + 27?
603
In base 13, what is -baa5 - -2?
-baa3
In base 7, what is 1343 - -11202?
12545
In base 14, what is 7 - -aa?
b3
In base 10, what is 19 + -980?
-961
In base 15, what is 0 + -10288d?
-10288d
In base 4, what is 110102 + -1?
110101
In base 15, what is -1 + 20dd0?
20dce
In base 14, what is -1a - -473?
457
In base 2, what is -100 + 1111100010010101?
1111100010010001
In base 16, what is 2 + -805?
-803
In base 10, what is 50261 - -3?
50264
In base 15, what is -83 + -c4d?
-cd1
In base 7, what is 0 - -242052?
242052
In base 9, what is -6177 - -8?
-6168
In base 7, what is -235160 - 4?
-235164
In base 11, what is 4 - -28aa0?
28aa4
In base 3, what is -2120 + 112001002?
111221112
In base 4, what is 1002033 - -132312?
1201011
In base 11, what is 19 - -114865?
114883
In base 10, what is -1370 + -14?
-1384
In base 9, what is 62 + -1071?
-1008
In base 9, what is -1 + -536417?
-536418
In base 10, what is -467 + -64?
-531
In base 9, what is -24 - -3562?
3537
In base 9, what is -32 - 218755?
-218787
In base 11, what is 20472 - -4?
20476
In base 14, what is -9 - 8b43?
-8b4c
In base 5, what is -1 - 323012?
-323013
In base 12, what is -3b94 + 67?
-3b29
In base 11, what is 4526 + 213?
4739
In base 6, what is -241 + 15525?
15244
In base 6, what is 3 - -144252?
144255
In base 13, what is -3 - 704?
-707
In base 5, what is 3120101 + 0?
3120101
In base 11, what is 63 + -400?
-348
In base 5, what is 10242431 - -12?
10242443
In base 5, what is -12 + -102311?
-102323
In base 13, what is 209b28 + 5?
209b30
In base 14, what is 6 + 1979?
1981
In base 11, what is -276a - 1a6?
-2965
In base 4, what is -21 - -2030032?
2030011
In base 11, what is 7196 + -7?
718a
In base 12, what is 1 + 2a58?
2a59
In base 13, what is -81b - -3a?
-7b1
In base 7, what is -6455 + -102?
-6560
In base 2, what is -111100101100 + 10010011?
-111010011001
In base 6, what is -2 - 21523?
-21525
In base 2, what is 110111110 + 1010100?
1000010010
In base 12, what is 26 - -854?
87a
In base 5, what is 0 + -103014?
-103014
In base 2, what is -100110001101 + 10000?
-100101111101
In base 7, what is 46 - 14516?
-14440
In base 9, what is -8 - -250?
241
In base 14, what is 3759 - -b0?
3829
In base 9, what is 10 - -45620?
45630
In base 14, what is 1c8 - -2b?
215
In base 8, what is -326525 + -25?
-326552
In base 5, what is -1123 - 220142?
-221320
In base 8, what is -22436 + 0?
-22436
In base 11, what is 1aa4 + 50?
2044
In base 12, what is -988 + 5?
-983
In base 3, what is -11 + -21011?
-21022
In base 16, what is 3d + 21b9e?
21bdb
In base 14, what is 133b - 6?
1335
In base 3, what is -2111 + -11111001?
-11120112
In base 13, what is 4723 - 7?
4719
In base 3, what is 12 + 11110011?
11110100
In base 8, what is 0 - -717?
717
In base 10, what is -4309 - -71?
-4238
In base 16, what is -5 + 806?
801
In base 6, what is -331242 + -23?
-331305
In base 15, what is b57 + 45?
b9c
In base 7, what is -3221 - -512?
-2406
In base 5, what is 434 + 22123?
23112
In base 7, what is -645 - -135340?
134362
In base 9, what is 3 - -551565?
551568
In base 16, what is 3ec4 + 7?
3ecb
In base 11, what is -7 + -612350?
-612357
In base 7, what is -1 - -1425035?
1425034
In base 9, what is -6 - 2486651?
-2486657
In base 3, what is -1221122201 - -1202?
-1221120222
In base 6, what is 3000535 - 0?
3000535
In base 15, what is -309ea + 4?
-309e6
In base 11, what is -1 - -18816?
18815
In base 6, what is 3042235 - 1?
3042234
In base 16, what is 1d73 - 32?
1d41
In base 6, what is 3412 + -341?
3031
In base 4